4 + 0 + 0*z. Give w(1).
2
Let y be 126/27 - ((-4)/(-6))/1. Suppose 56 = -4*c - 4*r, -5*c - 2 = -y*c - 2*r. Let f(s) = s + 5. Calculate f(c).
-5
Let t(g) = g**3 - 6*g**2 - 16*g - 6. Let w be -4*((-348)/16 - -1). Suppose 69 = 19*b - w. Calculate t(b).
-6
Let q(t) = 6 + 4*t - 6*t - t - 2. Let y be (0 + (-22)/5)*(-80)/(-2). Let p be y/(-48) - (2/3)/(-2). Give q(p).
-8
Let r(h) = -165*h + 223*h - 35 - 59*h. What is r(11)?
-46
Let n(y) be the second derivative of -y**4/12 + y**3 + 9*y**2/2 - 2*y + 189. Determine n(3).
18
Let c = 10982 - 10987. Let b(j) = -7*j**2 - 35*j + 9. Calculate b(c).
9
Let n = -544 + 547. Let r(p) = p**3 - 5*p**2 + 5. Let d(z) = -2*z**3 + 10*z**2 - 13. Let v(l) = n*d(l) + 7*r(l). Give v(5).
-4
Let a(t) = -30*t**2 + 16*t - 9. Let j(l) = l**3 - 35*l**2 - 1. Let m(x) = -a(x) + j(x). What is m(7)?
-6
Suppose 0 = 4035*q - 4066*q. Let f(v) be the third derivative of q + 1/60*v**5 - 1/4*v**4 - 4*v**2 + 0*v + 2/3*v**3. Calculate f(4).
-4
Let f(w) = -39 + 0*w**3 - 13*w**2 + w**3 + 18*w - 4*w**2. Let t = -9095 + 9111. Let a be f(t). Let d(k) = -2*k - 10. Calculate d(a).
4
Let x(o) = o**2 + 7*o - 2. Let r(v) = v + 5. Suppose 3*c = -23 - 121. Let h be (c/(-4))/(-1 - (1 + -1)). Let z be r(h). Determine x(z).
-2
Let x(o) = 10*o - 1. Let c be 4755/24 + (-15)/120. Let l = -195 + c. Determine x(l).
29
Suppose -24*k = -23*k - 1. Suppose 5*t + 21 = 3*p, 2*p + t - 1 = -0. Let v(u) = -k + 2*u + 3*u**p + u + 0 - 5*u. Calculate v(-2).
15
Suppose 10*h + 80 - 300 = 0. Let t(l) = 16*l**2 + 5*l - 47*l - l**3 + h*l + 20 + 4*l. Give t(15).
5
Let i = -3 - -6. Suppose 3*a + i*m = -2*a + 32, 5*m = -4*a + 23. Let f(g) be the first derivative of g**3/3 - 5*g**2 + 6*g + 360. Determine f(a).
-15
Let f(t) be the first derivative of -1/4*t**4 + 4/3*t**3 - 5 - 4*t + 0*t**2. Suppose -5*r - 3*y + 21 = 0, -14*r + 2*y = -10*r - 8. Determine f(r).
5
Suppose 4*o = 4*l + 20, 5*l - 3*o + 9 = -18. Let u(h) = 3*h - 12 + 23 + 4. Give u(l).
-3
Let y(h) = 27 + 35 + 14*h - 41*h - 52 + 19*h. Calculate y(0).
10
Let c(f) = f**2 - 14*f - 31. Let u = -6868 - -6880. Give c(u).
-55
Let f(j) be the third derivative of -1/2*j**3 + 0*j - 23*j**2 - 5/24*j**4 - 1/60*j**5 - 2. Let o(q) = -q**3 - 4*q**2 + 5*q - 6. Let l be o(-5). What is f(l)?
-9
Let o(m) = -m**2 - 28*m + 415. Let f be o(11). Let r(v) = -13*v - 158. Calculate r(f).
24
Suppose -8*s - 401 = 903. Let i = -152 - s. Let x(p) = p**3 - 11*p**2 - 12. What is x(i)?
-12
Suppose 0 = -3*d + 5*d. Let z(j) be the third derivative of -1/24*j**4 + 0*j + 1/3*j**3 - 1/60*j**5 + 32*j**2 + 0. Calculate z(d).
2
Let n(s) be the second derivative of 7*s**3/6 + 25*s**2/2 - 6*s - 111. What is n(-5)?
-10
Let f(a) be the second derivative of -4*a**3/3 + 21*a**2 + 11*a + 6. Determine f(6).
-6
Let g be (-8)/80 - (-19)/38 - (-96)/10. Let f(o) = 6*o - 27. What is f(g)?
33
Let s(w) = w**3 + 4*w**2 + 7*w - 1. Suppose -4*v = t + 15, -v - v - 5*t = 21. Give s(v).
-13
Let y(m) = m**2 + 7*m + 4. Let i be 4/(-18) + (-872)/(-36) + -15. Let d be (4 + -9 + i)*-1. Calculate y(d).
-8
Suppose 5*p + 3 = -2. Let k be (92/(-16) + 4)/((-3)/48). Let b(m) = -36*m + 4*m - 1 + k*m. Calculate b(p).
3
Suppose 30*y - 57 = 33. Let u(i) = -y + 2 - 7 + 574*i - 282*i - 289*i. Calculate u(9).
19
Let f = -17 + 27. Suppose 4*o + 5*d + f = -5, 4*d + 12 = o. Let p(u) = u**2 - u - 1. Let x(z) = -3*z**2 + 3*z + 4. Let s(b) = -7*p(b) - 2*x(b). Determine s(o).
-1
Let q(z) = z + 2. Suppose 0 = -6*b - 58 - 62. Let t be (12 - 0)*b/(-6). Suppose 57*s - t = 52*s. What is q(s)?
10
Let h(c) be the second derivative of -c**5/20 + 7*c**4/12 + c**3/6 - 4*c**2 + c. Let d = 155463 + -155456. Determine h(d).
-1
Let d be ((-22)/7)/(192/(-672)). Let z(i) be the first derivative of 1/2*i**2 - d*i - 4. Give z(6).
-5
Let t(k) be the first derivative of -k**3/3 + 5*k**2/2 - 9*k - 813. What is t(2)?
-3
Suppose 0 = g - 2*x - 18, -3*g - 1863 + 1882 = x. Let p(r) = -14*r - 13. Determine p(g).
-125
Let i(g) = g**3 + 11*g**2 + 5*g - 37. Let h be i(-6). Let s = h - 114. Let w be 4/s*(-8)/((-64)/18). Let j(q) = q**2 + 9*q - 3. Give j(w).
-3
Let n be (93 - 94)/(-4 - (-6)/2). Let g(t) = 3*t + 6. Determine g(n).
9
Let x be 12/(-2) - (-15 - (-6 + -2 + -1)). Let m(j) = 5*j + 6. Determine m(x).
6
Suppose -2*m + 26 = -3*b - 5, 3*b - m + 32 = 0. Let j(o) = 10*o**2 - 12*o**2 + o**3 + 9*o**2 + 7 + 4*o**2. Calculate j(b).
7
Let i(v) = 27*v**2 - v + 1. Let d(f) = 33*f**2 + 13*f + 4. Let j(u) = d(u) - i(u). What is j(-1)?
-5
Let h(w) be the first derivative of w**5/60 + w**4/12 - 13*w**3/6 - 7*w**2/2 + 2*w - 160. Let c(p) be the second derivative of h(p). Give c(-6).
11
Let l(q) = -50 + 77 - 123 + 82*q - 77*q. Determine l(20).
4
Let c(o) = 3*o. Let u be c(-1). Let s(v) be the third derivative of v**5/60 - v**4/24 + v**3/3 - 12*v**2 - 2783*v. What is s(u)?
14
Suppose 126 = 9*a - 90. Let k(i) = 38 + 2*i**2 - 8*i**2 - a*i + 9*i - i**3 + 7*i**2 + 14*i. Give k(0).
38
Suppose 0 = 26*b - 23*b + 228. Let u = -73 - b. Let c(d) = 0*d - 2*d**2 - 3*d**3 + 9*d**u - d. What is c(-1)?
-7
Let c(g) = -3*g**3 + 6*g**2 - 5*g - 2. Let k be c(3). Let i = k - -48. Suppose 2*d + 0*d - 10 = -i*h, 5*d = h + 14. Let x(p) = -9*p + 1. Calculate x(h).
-8
Let y(r) = 63*r - 123. Suppose -20388*t + 20362*t = -52. Calculate y(t).
3
Let g(f) be the third derivative of f**5/60 - 7*f**4/12 + 4*f**3 - 3829*f**2. Calculate g(11).
-9
Let a(w) be the second derivative of -2*w**3/3 + 3*w**2/2 - 107*w. Let b = 13 - 13. Suppose b = -3*n + n + 6. Determine a(n).
-9
Let t(n) = 32 - 5*n**2 - 28 - n**3 - 5*n**2 + 14*n**2 + 4*n. Let m be (8*-2)/(-4) + 1. Give t(m).
-1
Let k = 17 - 27. Let x = 14 + k. Let m(v) = v**2 + v + 1. Let a(t) = -2*t**2 + 4*t + 4. Let q(r) = a(r) + m(r). What is q(x)?
9
Let n = -12 + 14. Suppose 4*i - 15 = -3*v, 5*v + 0*i = n*i + 25. Suppose 6*x = v*x - 5*s + 8, 32 = 4*x - 3*s. Let a(u) = -2*u + 6. Determine a(x).
-10
Let p(v) = v**3 - 10*v**2 + 25*v - 3. Let n be p(6). Let h(g) = 3152 - 3146 + g**n - 7*g + 0*g**3. What is h(4)?
42
Let k(l) = -l**2 - 5*l. Suppose -18 = -2*f + 2*m + 8, 5*m - 61 = -4*f. Let u be (-82)/(-7) - (-4)/f. Let a be (-13 + u)/((-2)/(-8)). Calculate k(a).
4
Let w(q) = -6*q - 70. Let m be w(-12). Let d(u) = 12*u**2 - 9*u + 4. Let o(p) = 35*p**2 - 25*p + 11. Let h(l) = 11*d(l) - 4*o(l). Determine h(m).
-30
Let f(c) = -22 - 18*c + 8*c + 26 + 11*c. Let s be (-3)/(12/20) - 0. Give f(s).
-1
Suppose 0 = -2*u + 5*l - 7, 4*u - 3*u - 5*l = -11. Suppose -3*s + 1 = -u*d, 4*d - 6*s + 7 = -s. Let q(m) = -m**2 + 4 - 1 + 6*m - 8*m - d*m. Give q(-4).
3
Let x(m) = -6*m - 6. Suppose -n + 16 = -4*v, -87 + 9 = -3*n + 2*v. Suppose -6*f + 2*f = -n. Suppose 20 = f*p - 12*p. Give x(p).
18
Let j(w) = w**2 + w + 1. Let t(y) = y**3 + 6*y**2 - 4*y - 1. Let a(c) = 4*j(c) + t(c). Suppose -28 + 128 = 4*x. Suppose -x*b + 5 = 255. Give a(b).
3
Let h(z) be the third derivative of -z**4/6 - 5*z**3/3 - 12*z**2. Let j be h(-3). Suppose -j*w + 4*w = 10. Let q(y) = y - 11. Give q(w).
-6
Let f(w) = w**2 - w - 5. Let m = -3153 - -3157. Calculate f(m).
7
Let w(v) = 3*v + 1. Let m(c) = 1. Let q(d) = 3*m(d) + w(d). Suppose -2*f = -3*a - 14, -4*f - a = -6*f + 6. Calculate q(f).
7
Suppose 165*x - 121*x = -572. Let r(a) = 13*a + 171. Determine r(x).
2
Let j(q) = 0*q + 27*q**2 - 3*q + 993058*q**3 - 993057*q**3 - 87. What is j(-27)?
-6
Let y(r) = 4*r**2 + 2*r + 1. Let j be (-4)/(-6)*(-12)/8. Let m be y(j). Suppose 5*i - 2*b = -8, 2 + 2 = -m*i + b. Let q(z) = z**2 - z - 4. What is q(i)?
-4
Let r(i) = 3850*i**2 + i**3 + 10 - 3861*i**2 + 18 + 14*i - 59. Give r(10).
9
Let z(s) = 15*s - 6. Suppose 12*d - 7*d = -5*k + 35, -2*d + 5*k - 21 = 0. Determine z(d).
24
Let t(v) = -28*v**3 + 2*v**2 - v. Suppose -3*p + 1034 = x, -5*p + x + 696 = -3*p. Let w = p + -345. Give t(w).
-27
Let h(n) = 101*n**3 + n - 3. Let k(f) = 152*f**3 + f - 4. Let u(p) = -7*h(p) + 5*k(p). Determine u(1).
52
Let u(j) be the second derivative of -j**5/20 + j**4/12 - j**3/2 - 3*j**2 - 249*j. Calculate u(0).
-6
Suppose -1 = -2*p - 3, 5*f - 3*p = 33. Let x(y) = 6*y**3 - 30*y**2 + 16*y - 49. Let r(d) = -d**3 + 5*d**2 - 2*d + 8. Let k(w) = -13*r(w) - 2*x(w). What is k(f)?
-6
Let f be 1 - 1*(2 + -11). Suppose 5*k + 31 = 4*n, 7 = 4*n - 7*k + 10*k. Suppose n*v - 6*v + f = 0. Let u(d) = d**3 - 6*d**2 + 5*d + 7. Give u(v).
